the remainder when s(r) is divided by 64?
59
Calculate the remainder when 211 is divided by (946/(-55))/((-12)/60).
39
Let x = 24545 + -23702. Calculate the remainder when x is divided by 8.
3
Suppose -59 - 109 = -3*g. Let r(m) be the first derivative of -3*m**4/4 - 2*m**3/3 - 11*m**2/2 - 16*m + 68. Calculate the remainder when g is divided by r(-2).
12
Suppose 11*x - 595 = 490 + 158. What is the remainder when 194 is divided by x?
81
Suppose 0 = 6*z - 10*z + 140. Let b = z + -26. Suppose -11*s = -20*s + 135. Calculate the remainder when s is divided by b.
6
Suppose 4*t - 20 = 348. Let h = 29 + t. Calculate the remainder when h is divided by 64.
57
Let j = -1507 + 1563. Calculate the remainder when j is divided by 5.
1
Let c(v) = -v**3 + 6*v**2 - 2*v + 7. Let t be 396/77 - 1/7. Calculate the remainder when (-35)/(-2)*(-156)/(-65) is divided by c(t).
20
Let k be 6 - (-5 - (555 + -5)). What is the remainder when 2310/k + 30/34 + -1 is divided by 3?
1
Let t(p) = -25*p + 133. Let d be t(5). Suppose -38*v + 5474 = d*v. What is the remainder when v is divided by 60?
59
Let f = 575 + -382. Let m = 268 - f. Calculate the remainder when 141 is divided by m.
66
Suppose 0 = -5*h - 2*k + 42, 4*h + 46 = 7*h - 4*k. Suppose h*p + 29 = 489. Calculate the remainder when 169 is divided by p.
31
Let u = 52 - 48. Suppose -5*o + 0*o - 5*k + 20 = 0, 0 = -2*k + u. Let r = o - -59. Calculate the remainder when r is divided by 16.
13
Suppose 2*f - 45 + 11 = 0. What is the remainder when 1611/6 + 6/4 is divided by f?
15
Let t be (-4)/(-6)*4155/(-10). Let f = t + 334. Calculate the remainder when 101 is divided by f.
44
Suppose 4167 + 6077 + 4192 = 18*y. Calculate the remainder when y is divided by 78.
22
Let b(l) = -21*l + 33. Let y be b(-19). What is the remainder when (-7 - 0)*y/(-189) is divided by 8?
0
Let w(n) = n**2 - 24*n - 76. Let q be w(27). Suppose 5*l + 2 - 30 = -x, 0 = -3*l - q*x + 30. Calculate the remainder when 21 is divided by l.
1
Suppose 18*d + 13980 = 4*m + 14*d, 3*d = 15. What is the remainder when m is divided by 103?
101
Let k = 465 - 442. Suppose 0 = 11*u - 16*u - r + 115, -3*r = u - k. Let p(o) = -39*o**3 + o**2 + 2*o + 1. Calculate the remainder when p(-1) is divided by u.
16
Suppose 278 + 2068 + 1126 = 112*d. What is the remainder when 408 is divided by d?
5
Calculate the remainder when (-3 - (-35)/3)*297/22 is divided by 5.
2
Suppose -407 - 256 = -13*p. What is the remainder when 146 is divided by p?
44
Let d(u) be the third derivative of 0 + 0*u + 11/6*u**3 - 1/60*u**5 - 4*u**2 - 7/24*u**4. What is the remainder when 20 is divided by d(-7)?
9
Let w(g) = 2*g + 14 + 28 + 2 - 1. Let q be w(-19). Suppose 0 = 2*l - a - a - 26, 2*l - q = -5*a. Calculate the remainder when l is divided by 6.
4
What is the remainder when 21750/(-175)*14/(-6) is divided by 77?
59
Suppose -4599 = -5*m + 2*t, -4*m = 4*t - 2*t - 3672. Calculate the remainder when m is divided by 19.
7
Let x = 5347 + -5108. Calculate the remainder when 717 is divided by x.
0
Let b(z) = z**3 + 66*z**2 + 65*z + 124. Calculate the remainder when 457 is divided by b(-65).
85
Let o = 13 + 20. Let l(b) = -7*b**2 + 8*b - 2. Let v be l(-6). Let x = v + 321. Calculate the remainder when o is divided by x.
14
Let u(z) = 20*z - 83. Let b be u(7). Suppose -b*p + 51*p = -414. Calculate the remainder when p is divided by 43.
26
Suppose 5*p + 21 = -5*k + 51, -5*k - 25 = 0. Suppose -4*g + 0 + 4 = 0, 2*g + 482 = -4*v. Let r = p - v. What is the remainder when r is divided by 34?
30
Let g(l) be the first derivative of l**4/4 - 3*l**2/2 + 9*l + 131. Calculate the remainder when 79 is divided by g(0).
7
Let x(u) = 22*u - 62. Let o be x(3). Suppose -30 = b - 2*b - o*z, 4*b - 4*z = 80. What is the remainder when 43 is divided by b?
21
Let d = -13735 + 13748. Calculate the remainder when 374 is divided by d.
10
Let v(n) = -2*n**2 + 77*n - 12. What is the remainder when v(18) is divided by 4?
2
Let v = -151 - -109. Let q = v - -70. Suppose -7*a = -2*a - 50. What is the remainder when q is divided by a?
8
Suppose 5*k = 2*f + 1941, -129*k - 2*f + 1969 = -124*k. What is the remainder when k is divided by 141?
109
Let p(n) = -n**3 - 25*n**2 - 24*n + 28. Let t = -87 + 63. Let r(h) = h**2 + 6*h + 15. Calculate the remainder when r(-9) is divided by p(t).
14
Suppose 16*n + 5492 = -4252. Let t = n + 647. What is the remainder when 219 is divided by t?
29
Let z = 2650 - 2571. Let u = 67 - 43. Suppose 8 = 2*q - u. Calculate the remainder when z is divided by q.
15
Let y = 66 - 17. Suppose -2*f + 21 = -f - 5*z, -y = -f - 2*z. Let j = f - -125. What is the remainder when j is divided by 21?
19
Let q(l) = l**3 + 8*l**2 - 20*l - 88. What is the remainder when 306 is divided by q(-7)?
3
Suppose -120*w + 59789 = 44669. Suppose 0 = 3*f - 0*f - 195. What is the remainder when w is divided by f?
61
Let s be 2*(-20)/(-3) - 108/81. Suppose 0 = 5*x - y - 282, -7*x - 278 = -s*x - y. Calculate the remainder when 124 is divided by x.
12
Suppose u + 3*h - 2 = 0, 3*h + 41 = 26. Suppose -l + 359 = 5*c - 5*l, 391 = 5*c + 4*l. Suppose -u*b = -22*b + c. What is the remainder when 40 is divided by b?
10
Let p = 920 - 637. Let s = p - 83. Suppose -2*x = 3*j - 150, -x + 2*x - s = -4*j. Calculate the remainder when j is divided by 18.
14
Suppose 2*m - 1164 = -3*w + 4089, 4*w + 5*m = 7004. Calculate the remainder when w is divided by 23.
3
Suppose 2*d = -8, -5*c + 21*d - 22*d + 136 = 0. Suppose -5*k + 815 = -0*k. Suppose -f = 26 - k. What is the remainder when f is divided by c?
25
Let y(r) = -29*r + 141. Let u(p) = -9*p + 47. Let i(t) = 7*u(t) - 2*y(t). Calculate the remainder when i(-2) is divided by 13.
5
Let j = 417 - 420. Let z(p) = -10*p**3 - 4*p**2 - 3*p. Calculate the remainder when z(j) is divided by 63.
54
Suppose -354 + 94 = -7*j + 3*j. Let x(m) = m**3 + 5*m**2 - m - 2. What is the remainder when j is divided by x(-4)?
11
Suppose 13*q - 4 - 9 = 0. What is the remainder when (-101 + 945)*((-10)/(-8) - q) is divided by 15?
1
Suppose -334*w - 333*w + 2106 = -641*w. Suppose t - 6*t = p - 252, -4*p = -3*t - 1054. Calculate the remainder when p is divided by w.
19
Let q(m) = -3*m**2 - 217*m + 294. What is the remainder when q(-72) is divided by 37?
33
Suppose -1956 = -9*y - 449*d + 444*d, 45 = 3*d. Let z(o) = -5*o**2 - o - 3*o + 3*o**2 - o**3 - 6. What is the remainder when y is divided by z(-4)?
41
Let g = -302 + 302. What is the remainder when 3 - (g + 4 - 6) is divided by 2?
1
Let d be 4 + (7552/(-8) - 4). Let c = d - -987. Calculate the remainder when 171 is divided by c.
42
Let u = -364 - -395. Calculate the remainder when 248 is divided by u.
0
Suppose 0 = -5*v + r + 220 + 155, 0 = -2*r. Let h(g) = 14*g**2 + 1402*g + 1595. Calculate the remainder when v is divided by h(-99).
9
Let l(m) = 2*m**2 + 2*m + 4. What is the remainder when (19/95)/(2/40*(-132)/(-3597)) is divided by l(-4)?
25
Let g be (6 - 0) + (-4 + 2 - -2). Let h be (-38)/(-19)*g/(-4). What is the remainder when 57 is divided by h/2 + (-86)/(-4)?
17
Let n(c) = -c**2 - 7*c + 16. Let o be n(-8). Suppose 6*v + 72 = o*v. Suppose -2*a + v = -66. What is the remainder when a is divided by 27?
24
Let b = -788 - -1440. Suppose -146*p = -150*p + b. Calculate the remainder when p is divided by 56.
51
Let g = 4520 - 4416. Calculate the remainder when 744 is divided by g.
16
Suppose -2*k = 2*b - 620 + 590, -2*k - 62 = -2*b. What is the remainder when b is divided by (70/(-4))/5*-6?
2
Suppose 4*j - 244 = -4*a - 0*j, -j = -5*a + 335. Let v be -4*(-15)/20 + a. Suppose 4*d - d - v = 0. Calculate the remainder when 45 is divided by d.
22
Suppose -w = 19 - 100. Let r = w - 75. Let i = -9 - -26. Calculate the remainder when i is divided by r.
5
Let r = -5162 + 6760. Calculate the remainder when r is divided by 50.
48
Suppose -l = 2*v + 11, 3*v - 10 - 6 = 5*l. Let r(m) = -90*m + 54. Calculate the remainder when r(l) is divided by 23.
21
Suppose -39*p - 726 = -36*p. Let v = -209 - p. What is the remainder when 128 is divided by v?
29
Suppose 18*r + 23 = 19*r. Let t be 2 - (-23 + (-1 - 4)). Suppose 5*k - t = 5. Calculate the remainder when r is divided by k.
2
Let s be -2*5/10*1. Calculate the remainder when 25 + (-6)/(-2) - s is divided by (-1*3)/((-2)/10).
14
Suppose -8*i - 9*i = -3*i. Let